b - 2 = 0. Let k(i) = i - 2. What is k(f)?
-1
Suppose 3*j = -4*s - 3, -40 = -3*s - 2*s + 5*j. Let l(m) = m**2 + 2*m - 1. Let a(b) = 5*b**2 + 11*b - 5. Let y(p) = 2*a(p) - 11*l(p). Determine y(s).
-8
Let a(x) = 8*x - 6. Let t(n) = -n + 1. Let h(k) = -a(k) - 5*t(k). Let m be h(-1). Let v(f) = -f + 3. What is v(m)?
-1
Let l(f) be the first derivative of f**3/3 - f**2/2 + 8*f - 1. Suppose -11 = -5*p + 34. Let i = p + -9. Calculate l(i).
8
Suppose 4*i - 4*a + 12 = 0, -i + 2*a - 1 = -0*i. Let t(b) = b**2 + b - 1. What is t(i)?
19
Let o(v) = v**2. Let c = 1 - 2. Let r(i) = i**3 + 4*i**2 - 4. Let m(k) = c*o(k) + r(k). What is m(-3)?
-4
Let t(i) = 9*i + 1. Suppose 3*q + 1 = 7*q + h, 2*q - h + 7 = 0. Calculate t(q).
-8
Let y(k) = -k**3 - 5*k**2 - 5*k - 2. Let p(i) = -3*i - 2*i - 2*i + i - i**2 + 4. Let b be p(-7). Give y(b).
-5
Let o(w) be the first derivative of 2*w**2 + 1. Let j be (3 - 6) + 4 + -2. What is o(j)?
-4
Let y(x) = 24*x**3 + 19*x**3 - 6 - 9*x + 6*x**2 - 42*x**3. Give y(-7).
8
Let d be (-39)/15 - (-4)/(-10). Let f(b) be the third derivative of b**4/24 + b**3/2 + 2*b**2. Calculate f(d).
0
Let f be (-2)/1*6/4. Let m = 5 + f. Let h(j) = 0*j**2 + 0*j**2 - j**m - 6*j. What is h(-5)?
5
Suppose 0*h - 3*h = -4*c + 23, -5*h = c. Let j(z) = -z**2 + 7*z - 2. Let l(v) = v**2 - 7*v + 2. Let i(u) = -5*j(u) - 4*l(u). What is i(c)?
-8
Let i(q) = 8*q + 1. Let u(r) = 9*r + 2. Let w = 6 + -8. Let k(v) = w*u(v) + 3*i(v). Determine k(1).
5
Let p(u) be the third derivative of u**4/8 + 5*u**3/6 + u**2. Let k(l) = l**3 - 7*l**2 - 8*l + 1. Let z be k(8). Let h be z*-10*3/6. Give p(h).
-10
Suppose -21 + 6 = -5*f. Let x(w) = w**2 - w + 2. Give x(f).
8
Let w be (-1 + (-6)/3)/(-1). Suppose w*a = -0*a + 12. Let d(l) = -4 - 2*l + a - 2. What is d(2)?
-6
Suppose 8 = -m + 5*m. Let g(c) = -4 + 3*c - c**2 - 4*c - m*c. Let k(v) = v**3 + 2*v**2 - 2*v - 3. Let f be k(0). What is g(f)?
-4
Let p(f) = -f. Let k(i) = -5*i - 2. Let n(y) = -k(y) + 4*p(y). Suppose 0 = 3*d - 4*d. Suppose 2*v = -d + 6. What is n(v)?
5
Let a(w) = -4*w - 3. Let c = 38 + -24. Suppose -2*j - c = -5*p + 3*p, 3*p - 9 = -j. Give a(j).
9
Let a(z) = -z**2 - 4*z - 4. Let k = -18 + 13. Give a(k).
-9
Let t(g) = -11*g - 26. Let x(k) = 12*k + 26. Let v(m) = 7*t(m) + 6*x(m). Let s(h) = -h - 5. Let z(o) = 11*s(o) - 2*v(o). Calculate z(-4).
1
Let z(a) = -5*a + 2. Let h(o) = -o**2 + o. Let d(p) = h(p) + z(p). Let c(f) = 3*f + 3. Let l be c(-3). Give d(l).
-10
Let o(z) = 4 - 49*z + 4 + 50*z. Determine o(0).
8
Let c(g) = -g**2. Let d be c(1). Let i(s) be the second derivative of -s**3/2 + s**2/2 + 7*s. Calculate i(d).
4
Let r = 6 - 8. Let n(b) = -10*b. Let q(p) = -7*p. Let w(k) = 5*n(k) - 7*q(k). Calculate w(r).
2
Let a(b) = 2*b + 4. Let k(v) = -2*v - 4. Let y be k(-7). Suppose -7*u - y = -5*u. Give a(u).
-6
Let k(o) = o**2 + 11*o + 13. Suppose n - 1 = -6, 0 = 5*f - 4*n + 25. What is k(f)?
-5
Let y(r) = r**2 - 1 - 3 + 2*r - 3*r. Let l = -12 - -13. Suppose -a + l = -3. What is y(a)?
8
Let r(u) = -u**2 + 3. Let s(n) = n**2 - 3. Let j(l) = 2*r(l) + 3*s(l). Determine j(-3).
6
Let y(o) = -o**2 - 2*o + 4. Let q be ((-28)/(-8))/(-1) + (-2)/(-4). Determine y(q).
1
Let t be (-6)/4*2 + 7. Suppose 0 = -4*l + 5*l + t. Let c(a) = -6*a - 2 + a**3 + 0 + 3*a**2 - 2. Give c(l).
4
Suppose 2*d - 12 = -0*d. Let q = 1 - d. Let b(l) = -l**2 + 2*l - 2. Let x(n) = n**2 - n + 2. Let o(z) = 5*b(z) + 6*x(z). Calculate o(q).
7
Let z(y) = y + 4. Let b be -10 - (2/7 + (-60)/14). Determine z(b).
-2
Let r(g) = -6*g**2 + 3*g**2 + 1 - 3 + 2*g**2. Give r(3).
-11
Let k(f) = 2*f**2 + 22 + f**3 - 3 - 9 - 6 - 3*f. Determine k(-3).
4
Let u = 9 + -6. Let c(f) = f**3 - f**2 - 2*f - 2. Let q(t) = -4*t**3 + 3*t**2 + 8*t + 7. Let r(k) = 9*c(k) + 2*q(k). Calculate r(u).
-10
Let v(h) be the third derivative of -1/24*h**4 + 3*h**2 + 0*h + 0 - 4/3*h**3. What is v(-6)?
-2
Let j(p) = p**3 - 9*p**2 + 9*p - 4. Suppose -4*g = -0*g + 2*a - 40, 2*g + 4*a - 32 = 0. Calculate j(g).
4
Let o(w) = -53 + 2*w + w**2 + 56 - 2*w**2 - w. What is o(-5)?
-27
Suppose -5*z = 0, 4*w + 8 = 2*w - z. Let j(l) = 6*l**2 - 5*l + 9. Let v(a) = 5*a**2 - 5*a + 8. Let x(b) = w*j(b) + 5*v(b). What is x(3)?
-2
Suppose 0 = -4*g - 2 - 10. Let t(c) = 3*c**3 - 7*c**2 - c - 4. Let k(l) = 2*l**3 - 6*l**2 - l - 3. Let i(y) = 4*k(y) - 3*t(y). Determine i(g).
3
Suppose -8*b + 3*b = -30. Let k(x) = -x**2 + 5*x + 6. Calculate k(b).
0
Let h(w) = 6*w - 8*w**2 - 6*w**2 - 2*w + 16*w**2. Give h(-3).
6
Let y(u) = u**2 - 3*u + 3. Let t(f) = -f**2 + 6*f + 2. Let s be t(6). Suppose -s*c - 10 = -4*b - 3*c, -5*c - 13 = -b. What is y(b)?
3
Let j = -7 + 9. Let y(h) = -j*h - 4*h + 0*h + 0*h. Calculate y(-2).
12
Let u(s) = -3*s**3 + 15*s**2 - 11*s + 7. Let c(g) = -g**3 + 5*g**2 - 4*g + 2. Let x(o) = -7*c(o) + 2*u(o). Let r be 3/(-9) + 39/9. Calculate x(r).
8
Let m(d) = -d**2 + d + 1. Let x(c) = c**3 + 9*c + 4. Let y(t) = 5*m(t) - x(t). Give y(-3).
-5
Suppose 0 = 4*y + 4*g - 20, 4*y - 3*y = 2*g + 5. Let k(x) be the third derivative of 0 + 1/6*x**3 - 1/24*x**4 + 0*x + 4*x**2. Give k(y).
-4
Let s(w) = -w**2 + 19*w - 15. Let l be s(18). Let n(q) = -4*q + 1. Give n(l).
-11
Let l(g) = 83*g - 81*g - 4*g**2 - 2*g**3 - 4 + 3*g**3. Suppose -2*z = p + 4*p - 24, 2*p = -5*z + 18. What is l(p)?
4
Let o(i) = -i + 1 - 6 - 10*i**3 + 5*i**2 + 11*i**3. Let r be o(-5). Let m(p) = p + 6. Give m(r).
6
Let u(k) = -k**3 + 7*k**2 - 7*k. Suppose 0 = -x + 12*x - 66. Determine u(x).
-6
Let l(m) = -m**3 + 5*m**2 - 5*m - 3. Let z be l(4). Let i(y) = -y. Let d(u) = 2*u + 6. Let a(b) = d(b) + i(b). What is a(z)?
-1
Let a(s) be the third derivative of 0*s**3 + 0*s - 5*s**2 + 1/8*s**4 + 0. Give a(-3).
-9
Let d(k) = k - 12. Let a be 1*((-3)/3 - -3). Let c(y) = y**2 - 3*y + 2. Let z be c(a). What is d(z)?
-12
Let n(u) = 2*u**3 - 4*u**2 + 2*u. Suppose -14 + 44 = 5*i - 5*v, 2*i + 5*v + 9 = 0. Let l(s) = -s - 1. Let d be l(-5). Suppose -i*y = -d*y + 2. Give n(y).
4
Suppose -w + 2 + 4 = 0. Let d(k) = 3 - k**2 + 2 + 3 - w. Determine d(3).
-7
Let h(w) be the third derivative of w**6/120 + w**5/30 - 5*w**4/24 - w**3/6 + 9*w**2. Determine h(-4).
-13
Suppose 3 = 2*a + h - 0*h, a - 3*h = -9. Let p(z) be the first derivative of 2 - 3/2*z**2 + a*z. What is p(-2)?
6
Suppose -3*i + c + 0*c - 11 = 0, -c - 7 = 3*i. Let m(z) = 2*z. Give m(i).
-6
Let x = 13 + -9. Let g(y) be the third derivative of -y**7/2520 - y**5/20 + 4*y**2. Let w(c) be the third derivative of g(c). Give w(x).
-8
Let c(o) = -4*o - 1. Let a(p) = 3*p. Let u be a(2). Let i = u + -7. What is c(i)?
3
Let i(x) = 5*x**2 + 15*x + 7. Let b(j) = -j**2 - 4*j - 2. Let o(d) = -9*b(d) - 2*i(d). Suppose -4*k + 11 = -13. Give o(k).
4
Let x(u) be the third derivative of -u**5/60 - u**4/4 + 13*u**3/6 + 2*u**2 + 6. Calculate x(-9).
-14
Let t be (-6)/(-15) - 27/5. Let i be (3 + -4)*5/(-1). Let d(f) = -f + 7. Let u(a) = 2*a - 18. Let z(n) = i*u(n) + 12*d(n). Give z(t).
4
Let h(b) be the first derivative of b**3/3 + b**2/2 + b + 2. Calculate h(-4).
13
Let j(b) = b**3 - b**2 - 3*b + 3. Let p be (-50)/(-15) + 2/(-6). Give j(p).
12
Let k(h) = h**2 - 13*h + 7. Suppose -2*g + 60 = 3*g. Calculate k(g).
-5
Suppose 6 = 2*s - 5*s. Let u = 1 + s. Let z(p) = -p**2 + p. Let t(d) = -7*d**2 + 4*d. Let a(v) = -t(v) + 4*z(v). Determine a(u).
3
Let x = -12 - -12. Let v be x/(-1)*(1 - 0). Let y(k) = k + 2. Give y(v).
2
Let y(d) be the first derivative of -3*d + 1/3*d**3 + 9 - d**2. Suppose 2*z - 3*z + 4 = 0. Determine y(z).
5
Suppose 2*k + 12 = 5*u, 0 = -3*u + 6*u - 3*k. Let y(s) = s + 1. Let t(l) = l. Let p be t(1). Let o(w) = 10*w + 12. Let a(i) = p*o(i) - 12*y(i). Give a(u).
-8
Let w(y) be the second derivative of -y**3/6 - 2*y**2 - 6*y. Let r be 2/((-8)/12) + 0. Calculate w(r).
-1
Suppose -2*c + 13 = -u, 5*u + 23 = 4*c - 0. Let i(l) be the second derivative of l**4/12 - l**3 - l**2 + 3*l - 2. Give i(c).
5
Let f(b) = -b**2 + b - 15. Let n be (1 - -1 - 4) + 2. Give f(n).
-15
Suppose 2*m + 0*m + 4 = 4*v, -v = -2*m - 1. Let c = v + 3. Let w(y) = y - 5. Give w(c).
-1
Let j(n) = -n**3 + n**2 + 2*n. Let x be (3/9*1)/(3/(-18)). Determine j(x).
8
Let p(m) be the third derivative of -m**4/24 + 2*m**3/3 + 2*m**2. Let l be p(0). Let c(t) = t**3 - 4*t**2 - t + 4. Calculate c(l).
0
Suppose 0 = 5*m - 4*c, -5*c + 29 + 0 = m. Let g = m - 6. Let v(r) = -14*r +